47?
7
What is the greatest common divisor of 516 and 2924?
172
Calculate the highest common divisor of 97 and 1.
1
Calculate the greatest common divisor of 5611 and 31.
31
What is the greatest common divisor of 2125 and 34?
17
Calculate the highest common divisor of 12 and 4200.
12
Calculate the highest common divisor of 31 and 31.
31
What is the greatest common divisor of 142 and 2?
2
What is the greatest common factor of 2236 and 430?
86
Calculate the highest common divisor of 4192 and 192.
32
Calculate the highest common divisor of 1159 and 1769.
61
Calculate the highest common divisor of 24 and 856.
8
What is the highest common divisor of 559 and 52?
13
What is the greatest common factor of 20 and 42310?
10
Calculate the highest common divisor of 261 and 9.
9
What is the highest common divisor of 8256 and 24?
24
What is the greatest common factor of 7 and 23?
1
Calculate the highest common divisor of 10 and 115.
5
What is the greatest common divisor of 88 and 143?
11
Calculate the greatest common factor of 625 and 1525.
25
Calculate the greatest common divisor of 16789 and 721.
103
Calculate the greatest common divisor of 5835 and 15.
15
What is the greatest common factor of 18265 and 195?
65
What is the highest common factor of 21 and 7133?
7
What is the greatest common factor of 10584 and 3136?
392
What is the highest common factor of 3616 and 565?
113
Calculate the highest common divisor of 8 and 24.
8
What is the highest common factor of 56 and 126?
14
Calculate the highest common divisor of 2227 and 655.
131
What is the greatest common factor of 11 and 77?
11
What is the highest common divisor of 315 and 765?
45
Calculate the greatest common factor of 43 and 473.
43
What is the greatest common factor of 9924 and 24?
12
What is the greatest common factor of 34 and 323?
17
Calculate the highest common factor of 75 and 135.
15
Calculate the highest common factor of 216 and 180.
36
What is the highest common divisor of 10 and 536?
2
What is the highest common factor of 1813 and 1295?
259
What is the highest common divisor of 800 and 475?
25
Calculate the highest common factor of 15201 and 54.
27
What is the greatest common factor of 136 and 8?
8
What is the greatest common divisor of 304 and 19?
19
What is the greatest common divisor of 122 and 8?
2
Calculate the greatest common divisor of 81 and 4941.
81
Calculate the highest common divisor of 43 and 86.
43
Calculate the greatest common factor of 48 and 1536.
48
Calculate the highest common divisor of 2079 and 12177.
297
Calculate the greatest common divisor of 2684 and 44.
44
What is the highest common divisor of 5072 and 32?
16
What is the greatest common factor of 48 and 30?
6
Calculate the highest common factor of 102 and 19040.
34
Calculate the highest common factor of 940 and 120.
20
Calculate the highest common factor of 568 and 2414.
142
What is the highest common divisor of 23 and 253?
23
Calculate the greatest common divisor of 47800 and 200.
200
Calculate the greatest common divisor of 2576 and 224.
112
What is the highest common divisor of 229 and 13?
1
What is the greatest common divisor of 574 and 448?
14
Calculate the greatest common factor of 840 and 175.
35
Calculate the greatest common factor of 26 and 1846.
26
What is the greatest common divisor of 46208 and 38?
38
Calculate the greatest common divisor of 42 and 24.
6
What is the highest common divisor of 252 and 7?
7
Calculate the highest common factor of 23 and 175.
1
Calculate the highest common divisor of 83 and 27141.
83
What is the greatest common divisor of 272 and 200?
8
What is the greatest common factor of 133 and 21?
7
What is the highest common factor of 13325 and 287?
41
Calculate the highest common divisor of 122 and 27206.
122
Calculate the highest common factor of 12 and 156.
12
Calculate the highest common divisor of 121 and 33.
11
Calculate the highest common divisor of 16767 and 46.
23
What is the greatest common factor of 4 and 148?
4
What is the highest common divisor of 198 and 306?
18
What is the highest common factor of 35 and 315?
35
What is the greatest common divisor of 231 and 132?
33
Calculate the greatest common factor of 14 and 63.
7
What is the highest common factor of 329 and 28?
7
What is the greatest common factor of 874 and 190?
38
What is the greatest common factor of 1288 and 4232?
184
Calculate the highest common factor of 196 and 14700.
196
Calculate the highest common factor of 3014 and 44.
22
Calculate the highest common divisor of 640 and 20.
20
What is the greatest common divisor of 20 and 24260?
20
Calculate the highest common factor of 29 and 493.
29
Calculate the greatest common factor of 209 and 1331.
11
What is the greatest common factor of 300 and 636?
12
What is the highest common divisor of 391 and 184?
23
What is the greatest common factor of 80 and 15?
5
What is the greatest common factor of 77 and 15169?
77
Calculate the greatest common divisor of 264 and 744.
24
What is the highest common divisor of 874 and 76?
38
Calculate the greatest common factor of 108 and 144.
36
Calculate the highest common factor of 48 and 448.
16
Calculate the greatest common factor of 225 and 50.
25
What is the highest common divisor of 85 and 235?
5
Calculate the greatest common factor of 40 and 640.
40
What is the greatest common factor of 2610 and 30?
30
Calculate the highest common factor of 208 and 572.
52
What is the highest common divisor of 200 and 100?
100
What is the greatest common factor of 4760 and 5?
5
Calculate the greatest common factor of 793 and 13.
13
Calculate the greatest common factor of 4981 and 17.
17
Calculate the highest common divisor of 219 and 9.
3
Calculate the highest common factor of 73 and 3577.
73
What is the greatest common divisor of 230 and 46?
46
Calculate the highest common factor of 390 and 832.
26
What is the greatest common divisor of 1 and 2447?
1
Calculate the greatest common factor of 4 and 126.
2
What is the greatest common divisor of 48 and 15?
3
What is the greatest common divisor of 4280 and 40?
40
What is the greatest common factor of 121 and 11?
11
What is the greatest common factor of 83 and 13363?
83
Calculate the highest common factor of 972 and 12.
12
Calculate the highest common divisor of 420 and 8925.
105
Calculate the highest common factor of 1296 and 1053.
81
What is the highest common factor of 104 and 234?
26
What is the greatest common factor of 400 and 175?
25
What is the highest common factor of 280 and 21?
7
What is the highest common divisor of 28 and 10276?
28
Calculate the highest common divisor of 1876 and 134.
134
What is the highest common divisor of 817 and 19?
19
Calculate the greatest common divisor of 13 and 7.
1
What is the greatest common factor of 27 and 603?
9
Calculate the highest common factor of 44 and 4246.
22
What is the highest common divisor of 22359 and 87?
87
What is the highest common factor of 19 and 1349?
19
Calculate the highest common divisor of 40 and 8.
8
Calculate the highest common factor of 20648 and 58.
58
Calculate the highest common factor of 39 and 9477.
39
Calculate the highest common divisor of 24 and 49656.
24
Calculate the greatest common divisor of 574 and 1558.
82
What is the greatest common divisor of 8 and 3368?
8
Calculate the greatest common divisor of 256 and 6784.
128
Calculate the highest common factor of 174 and 6.
6
What is the greatest common divisor of 42 and 3626?
14
Calculate the greatest common factor of 4370 and 10.
10
What is the greatest common divisor of 1258 and 888?
74
What is the greatest common factor of 10 and 3880?
10
What is the highest common divisor of 91 and 3367?
91
What is the highest common factor of 57 and 3?
3
What is the highest common divisor of 90 and 6795?
45
What is the highest common factor of 6 and 39?
3
Calculate the highest common divisor of 1468 and 4.
4
Calculate the greatest common divisor of 63 and 711.
9
Calculate the greatest common factor of 326 and 2.
2
Calculate the highest common divisor of 35 and 560.
35
What is the highest common divisor of 3 and 669?
3
Calculate the highest common divisor of 3420 and 45.
45
Calculate the highest common divisor of 558 and 5766.
186
What is the greatest common factor of 9 and 162?
9
Calcula